t b = z + 17. Calculate the greatest common divisor of b and 36.
9
Let k(h) be the first derivative of 5 - 2*h + 67/2*h**2. Let p be k(1). What is the highest common factor of p and 26?
13
Let h(p) be the first derivative of -27*p**2 - 8*p - 6. Let b be h(-4). Let s = b - 100. What is the highest common factor of 12 and s?
12
Let m(x) = -11*x**2 + 11*x - 8. Let v be m(6). Let q = -113 - v. Calculate the greatest common divisor of 25 and q.
25
Let h = 34 + -20. Suppose 5*s = 3*s - 4*b + 252, 0 = 3*b. What is the greatest common divisor of h and s?
14
Suppose 0 = 4*w + 20 - 36. What is the greatest common divisor of 4 and w?
4
Suppose -12*t + 595 = -917. Suppose -3*z = -4*v + t, 3*z = v - 0*z - 36. Calculate the highest common factor of 15 and v.
15
Let b be ((-10)/11)/(88/(-10648)). Calculate the greatest common divisor of 44 and b.
22
Suppose s - 378 = -5*s. Let n be s/3 - (-4)/1. Calculate the highest common factor of n and 10.
5
Suppose -2*p - 42 + 282 = 0. Calculate the highest common divisor of 45 and p.
15
Let f(b) = -b**2 + 9*b - 12. Let n be f(7). Suppose q - 4*h - 70 = -n*q, 3*q = -5*h + 61. Calculate the greatest common divisor of 11 and q.
11
Let q = 84 + -92. Let x(f) = -f**2 - 16*f + 2. Let p be x(q). Calculate the greatest common factor of p and 6.
6
Let k be 2/8 + (-426)/(-24). What is the greatest common divisor of k and 63?
9
Suppose r - v = -3*v - 94, 3*r + 315 = 5*v. Let w be (18 + -3)*66/(-15) + -2. Let s = w - r. Calculate the greatest common divisor of s and 16.
16
Let j(t) = t**3 + 7*t**2 - 1. Let g = 23 + -14. Let d = -15 + g. Let v be j(d). What is the highest common factor of v and 14?
7
Suppose -3*k = -4*l - 169, 0 = -5*k - l + 3*l + 263. Let y = 80 - k. Calculate the greatest common factor of 58 and y.
29
Let w(h) = -h + 96. Let v be w(0). Suppose -o = -o - 5*o. Suppose -7 = -i + s - o, -43 = -4*i + s. Calculate the greatest common divisor of v and i.
12
Suppose 15*k + 342 = 17*k. Let c = k + -143. Calculate the greatest common divisor of c and 140.
28
Let h(z) = z**2 + 4*z. Let t be h(-5). Let o be 2/(-5) - (-77)/t. Suppose -5*q + 24 = -r, 2*r - 3 = q - 6. Calculate the greatest common factor of o and q.
5
Let g = -121 + 132. Let f = 119 + -44. Let p be 1*(-1 + 3 + f). What is the highest common factor of g and p?
11
Let o be (-1 - 3 - -1080) + -2. Let l be o/(4/24*9). Suppose -r - c + 232 = 59, l = 4*r - 4*c. Calculate the highest common factor of 16 and r.
16
Let h be (-1)/(-4) - (-42)/24. Suppose h*n - 19 = n - k, k + 101 = 5*n. What is the greatest common factor of n and 4?
4
Let u = -39 + 61. Let g be -56*(-2)/2 - (-2 - -3). What is the highest common divisor of u and g?
11
Let f = -394 + 484. Calculate the highest common factor of f and 18.
18
Let x(r) = r**3 - 11*r**2 + 11*r + 36. Let l be x(10). What is the highest common divisor of l and 575?
23
Suppose l - 5*k - 54 = 0, -5*l - 21*k + 125 = -17*k. What is the highest common factor of l and 319?
29
Suppose -1 = -s + 15. Calculate the greatest common divisor of s and 16.
16
Suppose 5*j = 4*c - 1395, 4*c - 5*j = -3*j + 1410. Calculate the highest common divisor of c and 213.
71
Let y(x) = -x**3 + 5*x**2 - 2*x - 2. Let h be y(4). Suppose -149 = -61*b + 217. What is the highest common factor of b and h?
6
Let h be -27*(-1)/(1/6). Calculate the greatest common divisor of 90 and h.
18
Let i(v) = 8*v**2 - 2*v - 3. Let h be i(3). Let z be h/45 + (-4)/10. Calculate the greatest common divisor of z and 2.
1
Suppose -4*k + 100 = 5*z, -5*z - 18 = -2*k + 2. Calculate the greatest common factor of k and 35.
5
Suppose 0 = -9*y + 6056 + 5392. Calculate the greatest common factor of y and 24.
24
Let a(k) = 3*k - 27. Let j be a(11). Suppose -p = -j*p + 405. Calculate the highest common factor of p and 9.
9
Let u(g) = g + 15. Let r = -16 + 3. Let h be u(r). Suppose -93 = -h*q - 21. Calculate the greatest common factor of 12 and q.
12
Suppose 890*s - 75 = 875*s. Suppose d - 53 + 18 = 0. Calculate the greatest common divisor of s and d.
5
Suppose 0 = -4*w + 3*w + 45. Let q(b) = -b**2 + 4*b - 30. Let a be q(0). Let t = w + a. What is the greatest common divisor of t and 15?
15
Let q = 75 + -33. Suppose -2*j + 4*j + 244 = 0. Let w = j + 227. What is the highest common factor of q and w?
21
Suppose 24 = -3*f + 12. Let r(g) = -12*g. Let l be r(f). Calculate the greatest common factor of l and 24.
24
Suppose -2*j + 4*f + 12 = 0, 4*j + 4*f - 10 = 2. Suppose 7*l - 120 = j*l. What is the greatest common factor of l and 10?
10
Suppose -4*x - 6 = -5*s, -2*x = s + 1 + 9. Let t be x/(-10)*(1154 - (5 + -1)). What is the greatest common factor of t and 46?
46
Let f = -1062 - -1072. Calculate the greatest common factor of 140 and f.
10
Let h(u) be the first derivative of u**3/3 + 5*u**2/2 + 5*u + 6. Let m be h(-5). Let l be 5/(-2 + m/2). Calculate the greatest common divisor of 40 and l.
10
Let i(g) = 22*g**2 + 4*g - 12. Let r be i(2). What is the greatest common divisor of r and 112?
28
Let j be 687 + 946 + (1 - (1 - -1)). What is the highest common factor of 17 and j?
17
Let z be (1 - (4 - 3)*-2) + -3. Suppose 0 = s - z*s - 1. What is the greatest common factor of 9 and s?
1
Let z = 181 - 73. Let d(j) = j**3 + 12*j**2 - 13*j + 5. Let w be d(-13). Suppose -w*h + 273 = -87. What is the highest common divisor of z and h?
36
Let o = -15 + 56. Let j = o - 33. What is the highest common factor of 24 and j?
8
Let m = 121 + -99. Calculate the highest common divisor of 22 and m.
22
Let p = -198 - -202. Calculate the greatest common divisor of p and 1.
1
Suppose 3*a - 91 = 4*z, 5*a - 171 = -3*z - 0*z. What is the highest common divisor of 105 and a?
3
Let s(k) = k**3 + 30*k**2 + 26*k - 31. Let r be s(-29). What is the greatest common factor of 35 and r?
7
Let c be (-1)/(2 + 2/(-2)). Let f = 2 + c. Let b(m) = m**2 - 17*m + 80. Let x be b(7). Calculate the greatest common divisor of f and x.
1
Suppose -4*c + 75 = -9. Let i = c - 0. Suppose -2*k = 5*d - 7, k + 20 = -4*k. What is the greatest common divisor of i and d?
3
Suppose 52*l + 561 = 1601. Calculate the greatest common divisor of 1060 and l.
20
Let t(s) = -35*s**2 + s + 1. Let r(v) = -35*v**2 + 2*v + 2. Let d(m) = -3*r(m) + 2*t(m). Let f be d(-1). What is the highest common divisor of f and 105?
35
Suppose -3*w + 54 = 2*c, w + 34 = 2*c - w. Calculate the greatest common factor of c and 14.
7
Suppose 3*b - q + 52 - 262 = 0, -b = -4*q - 70. Calculate the greatest common divisor of b and 250.
10
Let j(y) be the third derivative of -y**6/120 + y**5/12 + y**4/6 + y**3/2 + 12*y**2. Let q be j(5). What is the highest common factor of 23 and q?
23
Suppose 24 = -3*i + 5*i. Let n(f) = 10*f - 8. Let x be n(i). Suppose -4*a + 3*a = -o + 10, 0 = 4*o + 5*a - 76. Calculate the highest common divisor of x and o.
14
Let x = 52 + -28. Suppose 4*g = -4 + x. Suppose 0*h - 3*h + 45 = -g*k, 3*h = -5*k + 15. What is the greatest common divisor of 80 and h?
10
Suppose 658 = 5*v - 542. Calculate the highest common factor of 15 and v.
15
Let u be 1807/65*(37 + -7). What is the highest common divisor of u and 6?
6
Let o be 177/6 - 19/(-38). What is the highest common divisor of o and 162?
6
Let a(i) = -6*i**3 - 2*i**2 + 5*i + 5. Let u be a(-2). Calculate the greatest common factor of u and 140.
35
Let i = 31 + -5. Calculate the highest common divisor of 13 and i.
13
Let o = 4 - 5. Let x be (0 + 2)/o + (60 - 4). What is the greatest common factor of x and 27?
27
Suppose -341*h + 348*h = 518. What is the greatest common factor of 999 and h?
37
Suppose 30 = -4*r + 118. Let q = -9 + r. Calculate the highest common divisor of 26 and q.
13
Let i be 12/(-10)*-5 - 0. Suppose 0 = -3*y + 15 - i. Let x be (5 + -1)/((-3)/(-9)). Calculate the greatest common factor of y and x.
3
Suppose -17*a + 2*b = -21*a + 1464, 4*b = a - 384. What is the highest common divisor of 46 and a?
46
Suppose -5*h - 3 = -33. Suppose -132 + h = -7*l. Calculate the highest common divisor of l and 36.
18
Let j(t) = 35*t - 88. Let w be j(9). Suppose -4*b + 2*s - 126 = -6*b, s + w = 4*b. Calculate the highest common factor of b and 58.
58
Let d = 192 - 190. What is the highest common factor of 10 and d?
2
Let o(g) = -g**3 + 2*g**2 - g + 50. Let t be o(0). Let a(p) = p + 4. Let h be a(0). Suppose -34 = -3*d - 